-u*g - r + 12, 0 = -5*r. What is the remainder when m is divided by g?
2
Let p(x) be the second derivative of -1/2*x**3 - x - 1/20*x**5 - 7/12*x**4 + 2*x**2 + 0. Calculate the remainder when p(-7) is divided by 9.
7
Let q = 8 + -3. Suppose -20 = -q*c + 10. Calculate the remainder when 10 is divided by c.
4
Suppose 4*v + 9 = v. Let w be 76/v*12/8. Let k = -27 - w. What is the remainder when k is divided by 4?
3
Let g = 81 - 50. Calculate the remainder when g is divided by 8.
7
Let w(q) = -q - 1. Let l be w(3). Let i(k) = 7*k + 4. Let a be i(l). Let m = 48 + a. What is the remainder when m is divided by 13?
11
Suppose 62 = -3*m + 4*m. Calculate the remainder when m is divided by 16.
14
Suppose 5*t + 35 = 10*t. Let w = -11 - -16. Suppose 8*r = 2*b + 3*r - 51, -5*r + 40 = w*b. What is the remainder when b is divided by t?
6
Suppose -4*v - 4*l = -0*v - 56, -v - 5*l + 22 = 0. Let d(p) = -p + 13. Calculate the remainder when d(v) is divided by (-1)/((-1 - -2)*-1).
0
Suppose 0 = -4*y - 13 - 11. Let x(n) = -n**2 - 9*n - 6. Let s be x(y). Let q = -2 + s. What is the remainder when q is divided by 6?
4
Let s = 2 - -3. What is the remainder when 7 is divided by s?
2
Let x(v) = v**3 - 24*v**2 + 22*v + 45. What is the remainder when 106 is divided by x(23)?
18
Let r(d) = -d**3 + 5*d**2 - 5*d + 1. Suppose 5*k - 5*o = -2*o + 26, 2*k = 4*o + 16. Let n be r(k). What is the remainder when 12/(-3)*n/2 is divided by 4?
2
Suppose -3*f + 47 = -o, 2*f = -2*f + o + 63. Let s = f + -10. Calculate the remainder when 21 is divided by s.
3
Let a(x) = -x**2 + 22*x - 89. Let y = -5 - -10. What is the remainder when a(6) is divided by y?
2
Let d(h) = -17*h + 118. Suppose -3*z - z - 3*q + 257 = 0, 5*q + 233 = 4*z. Calculate the remainder when z is divided by d(6).
14
Let d = -9 + 31. Suppose 0 = -6*i + 2*i - 3*t + 38, 2*t + 12 = 2*i. What is the remainder when d is divided by i?
6
Let v be ((-24)/(-18))/((-1)/(-3)). Suppose 0 = 2*q - q - v. Suppose 3*m - q*i - 30 = 0, 5*m = 4*i + 2 + 40. Calculate the remainder when 11 is divided by m.
5
Suppose -d - 6*r + 2*r - 13 = 0, 2*d = 3*r + 18. Suppose -33 = -4*a + d. Suppose 29 = 5*q + a. Calculate the remainder when q is divided by 3.
1
Let z(w) = w**3 + 4*w**2 - w - 4. Let n be z(-5). Let h = -2 - n. Calculate the remainder when h is divided by 8.
6
Suppose 3*o = -0*o + 45. Suppose -s + o = x - 7, x = -3*s + 56. Let n(z) = z**2 - 4*z + 5. Calculate the remainder when s is divided by n(5).
7
Suppose -3*s = -7 - 8. Calculate the remainder when 8 is divided by s.
3
Suppose 7*r - 8*r + 4 = 0. Calculate the remainder when 15 is divided by r.
3
Let y be 6/15 + (-18)/(-5). Suppose y*k + 32 = 5*k. What is the remainder when 93 is divided by k?
29
Let r = 120 - 69. Calculate the remainder when r is divided by 13.
12
Suppose 5*j + 2*x = 104, 7*x - 108 = -5*j + 3*x. What is the remainder when j is divided by -2*((-8)/2 - 2)?
8
Suppose 3*t - 6*t + 12 = 0. Suppose g = -t*h - 14, 5*g - 5 = 4*h + 21. Suppose g*l - 16 = 6. What is the remainder when 42 is divided by l?
9
Suppose 2*l + 14 = q, -32 + 3 = -2*q + 5*l. Calculate the remainder when 21 is divided by q.
9
Let s = -10 - -12. Suppose -2 = -s*p + 4. Let n(q) = 2*q - 5. What is the remainder when n(5) is divided by p?
2
Let a(n) = -3*n - 5. Let v = -12 - -8. Calculate the remainder when (-53)/(-4) - 1/4 is divided by a(v).
6
Let o(y) = 11*y**2 - 2*y. Let b be o(2). Suppose 4*i + 12 + 59 = 3*p, i - 33 = -p. Let g = b - p. Calculate the remainder when g is divided by 4.
3
Let b = 289 + -161. Calculate the remainder when b is divided by 26.
24
Suppose -z + 16 = 3*z. What is the remainder when 5/((-15)/(-6)) + 8 + 0 is divided by z?
2
Let d = 15 + -1. Let u = 24 - d. What is the remainder when u is divided by 4?
2
Let g(w) = -2*w - 4. Let u be g(-3). Calculate the remainder when 28 is divided by 30/9*(1 + u).
8
Suppose -6*b + 8*b = 32. Calculate the remainder when 47 is divided by b.
15
Let d(t) = 2*t**2 - 6*t + 6. Let b be d(4). Suppose -4*o = -10 - b. Calculate the remainder when 10 is divided by o.
4
Let c(v) = 2*v**2 - 2*v + 1. Let z be c(-2). Let k = z - -3. What is the remainder when 45 is divided by k?
13
Suppose -4*q - g = -89, -2*g + 26 = q + 2*g. Calculate the remainder when q is divided by 12.
10
Let x(g) = g**2 - 7*g + 6. Let c be x(6). Suppose 4*u = -n + 2, 5*n + c*u + 5*u - 10 = 0. Calculate the remainder when 2 is divided by n.
0
Suppose -2*v - 3*v + 65 = 0. Let t(m) = -m**2 - 12*m - 9. Let j be t(-8). Suppose -j = -i + 1. What is the remainder when i is divided by v?
11
Let n(b) = -b**3 - 5*b**2 + 4*b - 13. What is the remainder when n(-7) is divided by 31?
26
Suppose -r + 12 = 3*w, 2 - 51 = -3*r + 4*w. Calculate the remainder when 44 is divided by r.
14
Let x = 15 + -9. Let w = x - -6. Calculate the remainder when 14 is divided by 3/12 - (-57)/w.
4
Let g = 7 - 0. Suppose 0 = -2*o + 4*c - 7 + 29, -4*o - 5*c = -57. What is the remainder when o is divided by g?
6
Let c = 173 - 101. Let x(w) = w**3 - 2*w**2 - 2*w + 1. What is the remainder when c is divided by x(4)?
22
Suppose -3*b = -3*g - 192, -3*g = 3*b - 4*g - 182. Suppose 8*f = 3*f - 210. Let p = f - -62. What is the remainder when b is divided by p?
19
Let y(w) = 13*w - 27. Calculate the remainder when y(8) is divided by 20.
17
Let w(n) = 6*n**2 - 2*n + 3. What is the remainder when w(2) is divided by 12?
11
Suppose -c - 16 = 2*t + 2*c, 13 = -t - 4*c. Let l = t + 23. Calculate the remainder when l is divided by 10.
8
Suppose u = -4*u + 20. Let n be 183/15 + (-6)/30. Calculate the remainder when n + 0 - (0 - -1) is divided by u.
3
Let n be (8/(-12))/((-2)/9). Suppose 7*a - n*a = 12. Suppose 3 = -a*t + 78. What is the remainder when t is divided by 9?
7
Let h = -34 + 39. What is the remainder when 8 is divided by h?
3
Let f(l) = l + 25. What is the remainder when 19 is divided by f(-14)?
8
Let b be 1/1 + 10/(-1). What is the remainder when 14 is divided by 1/(-2)*2 - b?
6
Let j(l) = -l**2 - 7*l - 1. Let g be j(-6). Suppose -80 = -3*y + y - g*t, -148 = -4*y - 4*t. Calculate the remainder when y is divided by 12.
11
Let m(o) = -5. Let k(u) = -u + 4. Let h(q) = 4*k(q) + 3*m(q). Suppose -2*j + 0*j + 26 = 0. What is the remainder when j is divided by h(-1)?
3
Suppose 2*f = 4*f - 18. What is the remainder when 15 is divided by f?
6
Let f(m) = -17*m - 5. Calculate the remainder when 19 is divided by f(-1).
7
Let y(t) = t**3 + 7*t**2 + 5*t + 2. Calculate the remainder when y(-5) is divided by 7.
6
Let d be 2/(1 - -1) - 5. Let h = d + 0. What is the remainder when 4 is divided by (6/h)/((-5)/10)?
1
Calculate the remainder when 40 is divided by 3 - (60/(-75) + 96/(-5)).
17
Let a = 14 - 12. What is the remainder when 6 is divided by a?
0
Let y = 7 + -7. Suppose f + 2*f - 6 = y. Calculate the remainder when f is divided by 3*((-1)/3 - -1).
0
Let p(j) = -j**2 + 3*j - 3. Let q be p(2). Let i(k) = -2*k**2 - 5. Let r(x) = -x. Let u(c) = q*r(c) - i(c). What is the remainder when u(4) is divided by 21?
20
Suppose 0 = -3*a - 4*k - 15, -2*a - 2*k + k - 5 = 0. Calculate the remainder when (7 + -2)/(a/(-2)) is divided by 6.
4
Suppose -l = -2, -z + l + 2 + 0 = 0. Suppose -8*f + z*f = 20, 0 = -3*b - f + 40. Calculate the remainder when (-2 + 55/(-1))/(-1) is divided by b.
12
Let t be (1/2)/((-3)/(-18)). Suppose f - t*l = 14, -5*l - 14 - 11 = -2*f. What is the remainder when f is divided by ((-1)/2)/((-6)/24)?
1
Let g(u) = -10 - 5 + 22*u**2 + 16. Let x(b) = b - 4. Let l be x(5). What is the remainder when g(l) is divided by 8?
7
Let i(f) = 2*f**3 + 3*f**2 + 2*f + 2. Let r be i(-2). Let t(p) = -13*p + 13. Calculate the remainder when t(r) is divided by 31.
29
Let d(q) = 6*q + 1. What is the remainder when 3 is divided by d(0)?
0
Suppose -a = 5*u - 65, -4*a + 4*u + 308 = -0*u. What is the remainder when a is divided by 16?
11
Let g(r) = -6*r - 15. What is the remainder when 21 is divided by g(-4)?
3
Suppose 4*m - 2*b = 38, 5*b = 26 - 11. Calculate the remainder when 20 is divided by m.
9
Suppose 4*v = 4*x - 28, 3*x + 2*v = 2*x + 22. Suppose -x = -3*q + q. Calculate the remainder when 16 is divided by q.
4
Let p = 31 - 13. What is the remainder when p is divided by (-49)/(-5) + 5/25?
8
Suppose 2*m + 0*m = 0. Suppose 2*q + 3 - 7 = m, -2*q = 5*b - 114. W